{"id":3789,"date":"2024-06-11T10:37:43","date_gmt":"2024-06-11T08:37:43","guid":{"rendered":"https:\/\/fondation-sommer.lu\/information\/"},"modified":"2025-01-23T15:13:06","modified_gmt":"2025-01-23T13:13:06","slug":"information","status":"publish","type":"page","link":"https:\/\/fondation-sommer.lu\/en\/information\/","title":{"rendered":"Information"},"content":{"rendered":"<div class=\"wpb-content-wrapper\"><p>[vc_row][vc_column][vc_column_text]<\/p>\n<p style=\"font-weight: 400;\"><strong>Here you&#8217;ll find reports, analyses and information about artists&#8217; residencies in schools and their implementation as a means of artistic and cultural education in Luxembourg.<\/strong><\/p>\n<p>&nbsp;<\/p>\n<ul>\n<li><a href=\"https:\/\/vimeo.com\/1020216802?share=copy\" target=\"_blank\" rel=\"noopener\">Documentaire &#8220;Les R\u00e9sidences d\u2019artistes en milieu scolaire&#8221; (SCRIPT \u2013 octobre 2024)<\/a><\/li>\n<\/ul>\n<p>This film retraces the 4 artists&#8217; residencies in schools, carried out during the 2023\/2024 school year in schools and lyc\u00e9es in Luxembourg as part of the project&#8217;s experimental phase: &#8220;Writing as documen\/tation&#8221; at Ath\u00e9n\u00e9e de Luxembourg with author Ian de Toffoli; &#8220;Emotions&#8221; at \u00c9cole Fondamentale Woiwer Differdange in partnership with the Luxembourg Collective of Dance; &#8220;Karlo Kipper&#8221; at Kannercampus Belval in partnership with Neim\u00ebnster and artists Dan Tanson and John Wolter; &#8220;Animal documentary&#8221; at Lyc\u00e9e des Arts et M\u00e9tiers in partnership with Casino Display and artist Emma Dupr\u00e9.<\/p>\n<ul>\n<li><a href=\"https:\/\/fondation-sommer.lu\/wp-content\/uploads\/2025\/01\/RAMS-2023-24_Rapport-evaluation.pdf\">Rapport d\u2019\u00e9valuation. R\u00e9sidences d\u2019artistes en milieu scolaire (SCRIPT \u2013 septembre 2024)<\/a><\/li>\n<\/ul>\n<p>This evaluation report draws conclusions from the experimental phase of the RAMS programme during the 2023\/2024 school year in Luxembourg.<\/p>\n<ul>\n<li><a href=\"https:\/\/fondation-sommer.lu\/wp-content\/uploads\/2023\/09\/RAPPORT-FONDATION-SOMMER-RESIDENCES-DARTISTES-EN-MILIEU-SCOLAIRE-POUR-EXPERIMENTATION-LUXEMBOURG-1.pdf\">Rapport &#8220;R\u00e9sidences d\u2019artistes en milieu scolaire. Analyse des pratiques et propositions pour une phase d\u2019exp\u00e9rimentation au Luxembourg&#8221;. (Fondation Sommer \u2013 juin 2023)<\/a><\/li>\n<\/ul>\n<p>As part of the experimentation of Artists\u2019 Residencies in Schools (RAMS) in Luxembourg, the Sommer Foundation carried out a documentation work which led to this framework document in summer 2023. The report analyses the context and practices of this cultural education programme in the countries bordering Luxembourg and places the RAMS in the context of national public policies. It also takes up the good practices and obstacles observed by other players and sets out the prospects for implementation in Luxembourg.[\/vc_column_text][\/vc_column][\/vc_row]<\/p>\n<\/div>","protected":false},"excerpt":{"rendered":"<p>[vc_row][vc_column][vc_column_text] Here you&#8217;ll find reports, analyses and information about artists&#8217; residencies in schools and their implementation as a means of artistic and cultural education in Luxembourg. &nbsp; Documentaire &#8220;Les R\u00e9sidences d\u2019artistes en milieu scolaire&#8221; (SCRIPT \u2013 octobre 2024) This film retraces the 4 artists&#8217; residencies in schools, carried out during the 2023\/2024 school year in [&hellip;]<\/p>\n","protected":false},"author":1,"featured_media":4672,"parent":0,"menu_order":0,"comment_status":"closed","ping_status":"closed","template":"","meta":{"_acf_changed":false,"footnotes":""},"class_list":["post-3789","page","type-page","status-publish","has-post-thumbnail","hentry"],"acf":[],"_links":{"self":[{"href":"https:\/\/fondation-sommer.lu\/en\/wp-json\/wp\/v2\/pages\/3789","targetHints":{"allow":["GET"]}}],"collection":[{"href":"https:\/\/fondation-sommer.lu\/en\/wp-json\/wp\/v2\/pages"}],"about":[{"href":"https:\/\/fondation-sommer.lu\/en\/wp-json\/wp\/v2\/types\/page"}],"author":[{"embeddable":true,"href":"https:\/\/fondation-sommer.lu\/en\/wp-json\/wp\/v2\/users\/1"}],"replies":[{"embeddable":true,"href":"https:\/\/fondation-sommer.lu\/en\/wp-json\/wp\/v2\/comments?post=3789"}],"version-history":[{"count":4,"href":"https:\/\/fondation-sommer.lu\/en\/wp-json\/wp\/v2\/pages\/3789\/revisions"}],"predecessor-version":[{"id":4980,"href":"https:\/\/fondation-sommer.lu\/en\/wp-json\/wp\/v2\/pages\/3789\/revisions\/4980"}],"wp:featuredmedia":[{"embeddable":true,"href":"https:\/\/fondation-sommer.lu\/en\/wp-json\/wp\/v2\/media\/4672"}],"wp:attachment":[{"href":"https:\/\/fondation-sommer.lu\/en\/wp-json\/wp\/v2\/media?parent=3789"}],"curies":[{"name":"wp","href":"https:\/\/api.w.org\/{rel}","templated":true}]}}

<div class="wpb-content-wrapper"><p>[vc_row][vc_column][vc_column_text]</p>
<p style="font-weight: 400;"><strong>Here you&#8217;ll find reports, analyses and information about artists&#8217; residencies in schools and their implementation as a means of artistic and cultural education in Luxembourg.</strong></p>
<p>&nbsp;</p>
<ul>
<li><a href="https://vimeo.com/1020216802?share=copy" target="_blank" rel="noopener">Documentaire &#8220;Les Résidences d’artistes en milieu scolaire&#8221; (SCRIPT – octobre 2024)</a></li>
</ul>
<p>This film retraces the 4 artists&#8217; residencies in schools, carried out during the 2023/2024 school year in schools and lycées in Luxembourg as part of the project&#8217;s experimental phase: &#8220;Writing as documen/tation&#8221; at Athénée de Luxembourg with author Ian de Toffoli; &#8220;Emotions&#8221; at École Fondamentale Woiwer Differdange in partnership with the Luxembourg Collective of Dance; &#8220;Karlo Kipper&#8221; at Kannercampus Belval in partnership with Neimënster and artists Dan Tanson and John Wolter; &#8220;Animal documentary&#8221; at Lycée des Arts et Métiers in partnership with Casino Display and artist Emma Dupré.</p>
<ul>
<li><a href="https://fondation-sommer.lu/wp-content/uploads/2025/01/RAMS-2023-24_Rapport-evaluation.pdf">Rapport d’évaluation. Résidences d’artistes en milieu scolaire (SCRIPT – septembre 2024)</a></li>
</ul>
<p>This evaluation report draws conclusions from the experimental phase of the RAMS programme during the 2023/2024 school year in Luxembourg.</p>
<ul>
<li><a href="https://fondation-sommer.lu/wp-content/uploads/2023/09/RAPPORT-FONDATION-SOMMER-RESIDENCES-DARTISTES-EN-MILIEU-SCOLAIRE-POUR-EXPERIMENTATION-LUXEMBOURG-1.pdf">Rapport &#8220;Résidences d’artistes en milieu scolaire. Analyse des pratiques et propositions pour une phase d’expérimentation au Luxembourg&#8221;. (Fondation Sommer – juin 2023)</a></li>
</ul>
<p>As part of the experimentation of Artists’ Residencies in Schools (RAMS) in Luxembourg, the Sommer Foundation carried out a documentation work which led to this framework document in summer 2023. The report analyses the context and practices of this cultural education programme in the countries bordering Luxembourg and places the RAMS in the context of national public policies. It also takes up the good practices and obstacles observed by other players and sets out the prospects for implementation in Luxembourg.[/vc_column_text][/vc_column][/vc_row]</p>
</div>

<p>[vc_row][vc_column][vc_column_text] Here you&#8217;ll find reports, analyses and information about artists&#8217; residencies in schools and their implementation as a means of artistic and cultural education in Luxembourg. &nbsp; Documentaire &#8220;Les Résidences d’artistes en milieu scolaire&#8221; (SCRIPT – octobre 2024) This film retraces the 4 artists&#8217; residencies in schools, carried out during the 2023/2024 school year in [&hellip;]</p>
