{"id":2391,"date":"2023-07-10T10:59:48","date_gmt":"2023-07-10T08:59:48","guid":{"rendered":"https:\/\/fondation-sommer.lu\/projects\/new-minett-mediation-project\/"},"modified":"2023-07-10T10:59:48","modified_gmt":"2023-07-10T08:59:48","slug":"new-minett-mediation-project","status":"publish","type":"projects","link":"https:\/\/fondation-sommer.lu\/en\/projects\/new-minett-mediation-project\/","title":{"rendered":"NEW MINETT&#8221; MEDIATION PROJECT"},"content":{"rendered":"<div class=\"wpb-content-wrapper\"><p>[vc_row][vc_column][vc_column_text]<br \/>\nThis mediation project was developed around the <em>New Minett<\/em> exhibition, which was the final stage of the <em>Esch-Mars. De terres rouges en terres rouges<\/em> project, produced as part of Esch2022, European Capital of Culture by the Eddi van Tsui Company. Through the exhibition, which looked at the exploitation and exploration of space and social utopias, 30 pupils from the Annexe Alliance Lyc\u00e9e Nic-Biever and the L\u00ebnster Lyc\u00e9e International School discovered the artistic translation of the subjects raised, mobilised their critical minds and questioned the world around them. The educational aspect, devised by the project leader, consisted of a preparatory talk in class, a guided tour of the exhibition at the Konschthal Esch and a discussion following the visit. The company&#8217;s artists and educators accompanied the young people in their own research and reflections on the idea of utopia.<br \/>\n[\/vc_column_text][\/vc_column][\/vc_row]<\/p>\n<\/div>","protected":false},"featured_media":2289,"template":"","project_category":[28],"project_year":[10],"class_list":["post-2391","projects","type-projects","status-publish","has-post-thumbnail","hentry","project_category-educational-activities-as-part-of-a-creative-art-project","project_year-10"],"acf":[],"_links":{"self":[{"href":"https:\/\/fondation-sommer.lu\/en\/wp-json\/wp\/v2\/projects\/2391","targetHints":{"allow":["GET"]}}],"collection":[{"href":"https:\/\/fondation-sommer.lu\/en\/wp-json\/wp\/v2\/projects"}],"about":[{"href":"https:\/\/fondation-sommer.lu\/en\/wp-json\/wp\/v2\/types\/projects"}],"version-history":[{"count":2,"href":"https:\/\/fondation-sommer.lu\/en\/wp-json\/wp\/v2\/projects\/2391\/revisions"}],"predecessor-version":[{"id":2393,"href":"https:\/\/fondation-sommer.lu\/en\/wp-json\/wp\/v2\/projects\/2391\/revisions\/2393"}],"wp:featuredmedia":[{"embeddable":true,"href":"https:\/\/fondation-sommer.lu\/en\/wp-json\/wp\/v2\/media\/2289"}],"wp:attachment":[{"href":"https:\/\/fondation-sommer.lu\/en\/wp-json\/wp\/v2\/media?parent=2391"}],"wp:term":[{"taxonomy":"project_category","embeddable":true,"href":"https:\/\/fondation-sommer.lu\/en\/wp-json\/wp\/v2\/project_category?post=2391"},{"taxonomy":"project_year","embeddable":true,"href":"https:\/\/fondation-sommer.lu\/en\/wp-json\/wp\/v2\/project_year?post=2391"}],"curies":[{"name":"wp","href":"https:\/\/api.w.org\/{rel}","templated":true}]}}

<div class="wpb-content-wrapper"><p>[vc_row][vc_column][vc_column_text]<br />
This mediation project was developed around the <em>New Minett</em> exhibition, which was the final stage of the <em>Esch-Mars. De terres rouges en terres rouges</em> project, produced as part of Esch2022, European Capital of Culture by the Eddi van Tsui Company. Through the exhibition, which looked at the exploitation and exploration of space and social utopias, 30 pupils from the Annexe Alliance Lycée Nic-Biever and the Lënster Lycée International School discovered the artistic translation of the subjects raised, mobilised their critical minds and questioned the world around them. The educational aspect, devised by the project leader, consisted of a preparatory talk in class, a guided tour of the exhibition at the Konschthal Esch and a discussion following the visit. The company&#8217;s artists and educators accompanied the young people in their own research and reflections on the idea of utopia.<br />
[/vc_column_text][/vc_column][/vc_row]</p>
</div>
