{"id":3121,"date":"2024-01-16T16:37:41","date_gmt":"2024-01-16T14:37:41","guid":{"rendered":"https:\/\/fondation-sommer.lu\/projects\/athenee-de-luxembourg-in-cooperation-with-author-ian-de-toffoli\/"},"modified":"2024-07-08T11:30:04","modified_gmt":"2024-07-08T09:30:04","slug":"athenee-de-luxembourg-in-cooperation-with-author-ian-de-toffoli","status":"publish","type":"projects","link":"https:\/\/fondation-sommer.lu\/en\/projects\/athenee-de-luxembourg-in-cooperation-with-author-ian-de-toffoli\/","title":{"rendered":"L\u2019\u00e9criture comme document\/ation"},"content":{"rendered":"<div class=\"wpb-content-wrapper\"><p>[vc_row][vc_column][vc_column_text]<\/p>\n<p style=\"font-weight: 400;\">La derni\u00e8re RAMS de l\u2019ann\u00e9e scolaire a \u00e9t\u00e9 lanc\u00e9e en avant-premi\u00e8re le 3 mai \u00e0 l\u2019Ath\u00e9n\u00e9e de Luxembourg. A cette occasion, l\u2019auteur Ian de Toffoli, accueilli au lyc\u00e9e jusqu\u2019au 14 juin a pu rencontrer les \u00e9l\u00e8ves des quatre classes avec lesquelles il va travailler, le temps d\u2019une discussion mod\u00e9r\u00e9e par Tonia Raus, responsable du Master en Enseignement secondaire &#8211; langue et litt\u00e9rature fran\u00e7aises de l\u2019Universit\u00e9 de Luxembourg, et en pr\u00e9sence de Claude Heiser, directeur de l&#8217;Ath\u00e9n\u00e9e ainsi que Joanne Gobbels, directrice adjointe de l\u2019Ath\u00e9n\u00e9e. L\u2019\u00e9change a permis \u00e0 Ian De Toffoli de parler de son rapport \u00e0 l\u2019\u00e9criture et \u00e0 la cr\u00e9ativit\u00e9. L\u2019occasion pour lui d\u2019\u00e9voquer successivement son besoin de cr\u00e9er depuis tout jeune, la \u00ab force brute du texte de th\u00e9\u00e2tre \u00bb et celle de la forme th\u00e9\u00e2trale qui permet de faire une exp\u00e9rience concr\u00e8te du texte, ou encore sa croyance dans le fait que \u00ab le th\u00e9\u00e2tre documentaire peut porter un espoir de changement de soci\u00e9t\u00e9 et d\u2019abolition des injustices \u00bb. Autant de th\u00e9matiques qui sont au c\u0153ur des quatre semaines de cette RAMS, lors desquelles les \u00e9l\u00e8ves sont amen\u00e9s \u00e0 assister \u00e0 une pi\u00e8ce de l\u2019auteur, mais surtout \u00e0 co\u00e9crire avec lui autour de th\u00e8mes qui les inspirent ou les pr\u00e9occupent.<\/p>\n<p style=\"font-weight: 400;\">En plus des ateliers avec l\u2019auteur, la RAMS propose une sortie extrascolaire pour assister \u00e0 une pi\u00e8ce de Ian aux Casemates Theater, un marathon de lecture le 12 juin au sein du lyc\u00e9e autour d\u2019un texte de Ian de Toffoli, suivi d\u2019une table ronde autour de la question de l\u2019engagement soci\u00e9tal des \u00e9crivaines et \u00e9crivains au XXI<sup>e<\/sup> si\u00e8cle, en pr\u00e9sence de Ian de Toffoli, Antoine Pohu et Nora Wagener,<\/p>\n<p style=\"font-weight: 400;\">Enfin, la RAMS s&#8217;est cl\u00f4tur\u00e9e aux Rotondes le 25 juin par une lecture des textes co-\u00e9crits par les lyc\u00e9ens par des com\u00e9diens et\/ou par eux-m\u00eames.<\/p>\n<p style=\"font-weight: 400;\">D\u2019ici l\u00e0, le travail d\u2019\u00e9criture cr\u00e9ative autour du th\u00e9\u00e2tre documentaire se poursuit. Les jeunes r\u00e9fl\u00e9chissent \u00e0 l\u2019intrigue de la pi\u00e8ce, en travaillant en groupe, mais en recevant aussi des conseils individualis\u00e9s de l\u2019auteur.<\/p>\n<p>[\/vc_column_text][\/vc_column][\/vc_row][vc_row][vc_column][vc_gallery interval=&#8221;0&#8243; images=&#8221;3987,3996,3989,3991,3993,4081,4083&#8243; img_size=&#8221;large&#8221;][\/vc_column][\/vc_row]<\/p>\n<\/div>","protected":false},"featured_media":3892,"template":"","project_category":[29],"project_year":[49],"class_list":["post-3121","projects","type-projects","status-publish","has-post-thumbnail","hentry","project_category-residencies","project_year-49"],"acf":[],"_links":{"self":[{"href":"https:\/\/fondation-sommer.lu\/en\/wp-json\/wp\/v2\/projects\/3121","targetHints":{"allow":["GET"]}}],"collection":[{"href":"https:\/\/fondation-sommer.lu\/en\/wp-json\/wp\/v2\/projects"}],"about":[{"href":"https:\/\/fondation-sommer.lu\/en\/wp-json\/wp\/v2\/types\/projects"}],"version-history":[{"count":9,"href":"https:\/\/fondation-sommer.lu\/en\/wp-json\/wp\/v2\/projects\/3121\/revisions"}],"predecessor-version":[{"id":4087,"href":"https:\/\/fondation-sommer.lu\/en\/wp-json\/wp\/v2\/projects\/3121\/revisions\/4087"}],"wp:featuredmedia":[{"embeddable":true,"href":"https:\/\/fondation-sommer.lu\/en\/wp-json\/wp\/v2\/media\/3892"}],"wp:attachment":[{"href":"https:\/\/fondation-sommer.lu\/en\/wp-json\/wp\/v2\/media?parent=3121"}],"wp:term":[{"taxonomy":"project_category","embeddable":true,"href":"https:\/\/fondation-sommer.lu\/en\/wp-json\/wp\/v2\/project_category?post=3121"},{"taxonomy":"project_year","embeddable":true,"href":"https:\/\/fondation-sommer.lu\/en\/wp-json\/wp\/v2\/project_year?post=3121"}],"curies":[{"name":"wp","href":"https:\/\/api.w.org\/{rel}","templated":true}]}}

L’écriture comme document/ation

<div class="wpb-content-wrapper"><p>[vc_row][vc_column][vc_column_text]</p>
<p style="font-weight: 400;">La dernière RAMS de l’année scolaire a été lancée en avant-première le 3 mai à l’Athénée de Luxembourg. A cette occasion, l’auteur Ian de Toffoli, accueilli au lycée jusqu’au 14 juin a pu rencontrer les élèves des quatre classes avec lesquelles il va travailler, le temps d’une discussion modérée par Tonia Raus, responsable du Master en Enseignement secondaire &#8211; langue et littérature françaises de l’Université de Luxembourg, et en présence de Claude Heiser, directeur de l&#8217;Athénée ainsi que Joanne Gobbels, directrice adjointe de l’Athénée. L’échange a permis à Ian De Toffoli de parler de son rapport à l’écriture et à la créativité. L’occasion pour lui d’évoquer successivement son besoin de créer depuis tout jeune, la « force brute du texte de théâtre » et celle de la forme théâtrale qui permet de faire une expérience concrète du texte, ou encore sa croyance dans le fait que « le théâtre documentaire peut porter un espoir de changement de société et d’abolition des injustices ». Autant de thématiques qui sont au cœur des quatre semaines de cette RAMS, lors desquelles les élèves sont amenés à assister à une pièce de l’auteur, mais surtout à coécrire avec lui autour de thèmes qui les inspirent ou les préoccupent.</p>
<p style="font-weight: 400;">En plus des ateliers avec l’auteur, la RAMS propose une sortie extrascolaire pour assister à une pièce de Ian aux Casemates Theater, un marathon de lecture le 12 juin au sein du lycée autour d’un texte de Ian de Toffoli, suivi d’une table ronde autour de la question de l’engagement sociétal des écrivaines et écrivains au XXI<sup>e</sup> siècle, en présence de Ian de Toffoli, Antoine Pohu et Nora Wagener,</p>
<p style="font-weight: 400;">Enfin, la RAMS s&#8217;est clôturée aux Rotondes le 25 juin par une lecture des textes co-écrits par les lycéens par des comédiens et/ou par eux-mêmes.</p>
<p style="font-weight: 400;">D’ici là, le travail d’écriture créative autour du théâtre documentaire se poursuit. Les jeunes réfléchissent à l’intrigue de la pièce, en travaillant en groupe, mais en recevant aussi des conseils individualisés de l’auteur.</p>
<p>[/vc_column_text][/vc_column][/vc_row][vc_row][vc_column][vc_gallery interval=&#8221;0&#8243; images=&#8221;3987,3996,3989,3991,3993,4081,4083&#8243; img_size=&#8221;large&#8221;][/vc_column][/vc_row]</p>
</div>
