{"id":5853,"date":"2025-10-24T15:59:50","date_gmt":"2025-10-24T13:59:50","guid":{"rendered":"https:\/\/fondation-sommer.lu\/?post_type=projects&#038;p=5853"},"modified":"2025-10-24T16:44:53","modified_gmt":"2025-10-24T14:44:53","slug":"keng-meck-keen-schockela","status":"publish","type":"projects","link":"https:\/\/fondation-sommer.lu\/en\/projects\/keng-meck-keen-schockela\/","title":{"rendered":"Keng M\u00e9ck, Keen Schockela!"},"content":{"rendered":"<div class=\"wpb-content-wrapper\"><p>[vc_row][vc_column][vc_column_text]<\/p>\n<div>Depuis le d\u00e9but du mois d\u2019octobre, une nouvelle<span class=\"apple-converted-space\">\u00a0<\/span><em>R\u00e9sidence d\u2019Artiste en Milieu Scolaire<\/em><span class=\"apple-converted-space\">\u00a0<\/span>est en cours \u00e0 l\u2019\u00e9cole fondamentale Gaston Diderich \u00e0 Belair.<\/div>\n<div>\n<p>Elle est men\u00e9e par le<span class=\"apple-converted-space\">\u00a0<\/span><strong>collectif Bombyx<\/strong>, compos\u00e9 de<span class=\"apple-converted-space\">\u00a0<\/span><strong>Pascale No\u00e9 Adam<\/strong><span class=\"apple-converted-space\">\u00a0<\/span>(mise en sc\u00e8ne),<span class=\"apple-converted-space\">\u00a0<\/span><strong>Gianfranco Celestino<\/strong>(chor\u00e9graphie) et<span class=\"apple-converted-space\">\u00a0<\/span><strong>Nathalie No\u00e9 Adam<\/strong><span class=\"apple-converted-space\">\u00a0<\/span>(sc\u00e9nographie).<\/p>\n<\/div>\n<div>\n<p>Il s\u2019agit d\u2019une<span class=\"apple-converted-space\">\u00a0<\/span><strong>r<\/strong>\u00e9sidence de recherche<span class=\"apple-converted-space\">\u00a0<\/span>: les artistes d\u00e9veloppent actuellement leur prochaine cr\u00e9ation destin\u00e9e au jeune public et int\u00e8grent, dans ce cadre,<span class=\"apple-converted-space\">\u00a0<\/span>trois classes du cycle 3.2<span class=\"apple-converted-space\">\u00a0<\/span>\u00e0 leur processus de recherche.<\/p>\n<\/div>\n<div>\n<p>Lors des<span class=\"apple-converted-space\">\u00a0<\/span>ateliers anim\u00e9s par les artistes, les \u00e9l\u00e8ves explorent le th\u00e8me \u00e0 travers<span class=\"apple-converted-space\">\u00a0<\/span>la danse, le th\u00e9\u00e2tre et les arts plastiques. Pendant les cours d\u2019<em>\u00e9veil aux sciences<\/em>, ils approfondissent ces d\u00e9couvertes avec leurs enseignant\u00b7e\u00b7s en observant de plus pr\u00e8s le monde des insectes.<\/p>\n<\/div>\n<div>\n<p>La r\u00e9sidence s\u2019\u00e9tend sur une dur\u00e9e totale de<span class=\"apple-converted-space\">\u00a0<\/span>cinq semaines. \u00c0 la fin du projet, les trois classes pr\u00e9senteront \u00e0 leurs parents et camarades une<span class=\"apple-converted-space\">\u00a0<\/span>petite \u201cwerkschau\u201d, retra\u00e7ant le travail men\u00e9 avec les artistes. En mai, les classes assisteront ensuite au<span class=\"apple-converted-space\">\u00a0<\/span>Centre culturel Opderschmelz<span class=\"apple-converted-space\">\u00a0<\/span>\u00e0 la repr\u00e9sentation du spectacle final du Bombyx collectif.<\/p>\n<p>&nbsp;<\/p>\n<\/div>\n<p>[\/vc_column_text][\/vc_column][\/vc_row]<\/p>\n<\/div>","protected":false},"featured_media":5854,"template":"","project_category":[29],"project_year":[62],"class_list":["post-5853","projects","type-projects","status-publish","has-post-thumbnail","hentry","project_category-residencies","project_year-2025-2026"],"acf":[],"_links":{"self":[{"href":"https:\/\/fondation-sommer.lu\/en\/wp-json\/wp\/v2\/projects\/5853","targetHints":{"allow":["GET"]}}],"collection":[{"href":"https:\/\/fondation-sommer.lu\/en\/wp-json\/wp\/v2\/projects"}],"about":[{"href":"https:\/\/fondation-sommer.lu\/en\/wp-json\/wp\/v2\/types\/projects"}],"version-history":[{"count":14,"href":"https:\/\/fondation-sommer.lu\/en\/wp-json\/wp\/v2\/projects\/5853\/revisions"}],"predecessor-version":[{"id":5884,"href":"https:\/\/fondation-sommer.lu\/en\/wp-json\/wp\/v2\/projects\/5853\/revisions\/5884"}],"wp:featuredmedia":[{"embeddable":true,"href":"https:\/\/fondation-sommer.lu\/en\/wp-json\/wp\/v2\/media\/5854"}],"wp:attachment":[{"href":"https:\/\/fondation-sommer.lu\/en\/wp-json\/wp\/v2\/media?parent=5853"}],"wp:term":[{"taxonomy":"project_category","embeddable":true,"href":"https:\/\/fondation-sommer.lu\/en\/wp-json\/wp\/v2\/project_category?post=5853"},{"taxonomy":"project_year","embeddable":true,"href":"https:\/\/fondation-sommer.lu\/en\/wp-json\/wp\/v2\/project_year?post=5853"}],"curies":[{"name":"wp","href":"https:\/\/api.w.org\/{rel}","templated":true}]}}

Keng Méck, Keen Schockela!

<div class="wpb-content-wrapper"><p>[vc_row][vc_column][vc_column_text]</p>
<div>Depuis le début du mois d’octobre, une nouvelle<span class="apple-converted-space"> </span><em>Résidence d’Artiste en Milieu Scolaire</em><span class="apple-converted-space"> </span>est en cours à l’école fondamentale Gaston Diderich à Belair.</div>
<div>
<p>Elle est menée par le<span class="apple-converted-space"> </span><strong>collectif Bombyx</strong>, composé de<span class="apple-converted-space"> </span><strong>Pascale Noé Adam</strong><span class="apple-converted-space"> </span>(mise en scène),<span class="apple-converted-space"> </span><strong>Gianfranco Celestino</strong>(chorégraphie) et<span class="apple-converted-space"> </span><strong>Nathalie Noé Adam</strong><span class="apple-converted-space"> </span>(scénographie).</p>
</div>
<div>
<p>Il s’agit d’une<span class="apple-converted-space"> </span><strong>r</strong>ésidence de recherche<span class="apple-converted-space"> </span>: les artistes développent actuellement leur prochaine création destinée au jeune public et intègrent, dans ce cadre,<span class="apple-converted-space"> </span>trois classes du cycle 3.2<span class="apple-converted-space"> </span>à leur processus de recherche.</p>
</div>
<div>
<p>Lors des<span class="apple-converted-space"> </span>ateliers animés par les artistes, les élèves explorent le thème à travers<span class="apple-converted-space"> </span>la danse, le théâtre et les arts plastiques. Pendant les cours d’<em>éveil aux sciences</em>, ils approfondissent ces découvertes avec leurs enseignant·e·s en observant de plus près le monde des insectes.</p>
</div>
<div>
<p>La résidence s’étend sur une durée totale de<span class="apple-converted-space"> </span>cinq semaines. À la fin du projet, les trois classes présenteront à leurs parents et camarades une<span class="apple-converted-space"> </span>petite “werkschau”, retraçant le travail mené avec les artistes. En mai, les classes assisteront ensuite au<span class="apple-converted-space"> </span>Centre culturel Opderschmelz<span class="apple-converted-space"> </span>à la représentation du spectacle final du Bombyx collectif.</p>
<p>&nbsp;</p>
</div>
<p>[/vc_column_text][/vc_column][/vc_row]</p>
</div>
