{"id":5879,"date":"2025-10-24T16:36:54","date_gmt":"2025-10-24T14:36:54","guid":{"rendered":"https:\/\/fondation-sommer.lu\/?post_type=projects&#038;p=5879"},"modified":"2025-10-24T16:41:00","modified_gmt":"2025-10-24T14:41:00","slug":"hypathia-the-highest-note","status":"publish","type":"projects","link":"https:\/\/fondation-sommer.lu\/en\/projects\/hypathia-the-highest-note\/","title":{"rendered":"Hypathia the Highest Note"},"content":{"rendered":"<div class=\"wpb-content-wrapper\"><p>[vc_row][vc_column][vc_column_text]<\/p>\n<div>\n<p>Quelle libert\u00e9 le savoir permet-il ? Et comment partager la connaissance sans perdre sa propre voix ?<br \/>\nCes questions sont au c\u0153ur de la<span class=\"apple-converted-space\">\u00a0<\/span>R\u00e9sidence d\u2019Artiste en Milieu Scolaire<span class=\"apple-converted-space\">\u00a0<\/span><em>Hypatia \u2013 The Highest Note<\/em>, men\u00e9e par la compagnie<span class=\"apple-converted-space\">\u00a0<\/span><strong>Artemysia Th\u00e9\u00e2tre<\/strong><span class=\"apple-converted-space\">\u00a0<\/span>avec les artistes<span class=\"apple-converted-space\">\u00a0<\/span><strong>Raffaella D\u2019Angelo<\/strong>,<span class=\"apple-converted-space\">\u00a0<\/span><strong>Joanna Bertrand<\/strong><span class=\"apple-converted-space\">\u00a0<\/span>et<span class=\"apple-converted-space\">\u00a0<\/span><strong>Ashton Laffineur<\/strong>.<\/p>\n<\/div>\n<div>\n<p>Il s\u2019agit d\u2019une<span class=\"apple-converted-space\">\u00a0<\/span>r\u00e9sidence de recherche<span class=\"apple-converted-space\">\u00a0<\/span>prenant une forme hybride : parall\u00e8lement au travail d\u2019affinement de la mise en sc\u00e8ne de la pi\u00e8ce, d\u00e9j\u00e0 pr\u00e9sent\u00e9e en<span class=\"apple-converted-space\">\u00a0<\/span><em>work in progress<\/em>,<span class=\"apple-converted-space\">\u00a0<\/span>l\u2019option th\u00e9\u00e2tre du lyc\u00e9e<span class=\"apple-converted-space\"> Aline Mayrisch <\/span>est activement impliqu\u00e9e dans le processus artistique.<\/p>\n<\/div>\n<div>\n<p>L\u2019objectif de cette r\u00e9sidence est de<span class=\"apple-converted-space\">\u00a0<\/span>rendre la pi\u00e8ce plus accessible \u00e0 un jeune public, tout en conservant sa profondeur et sa richesse th\u00e9matique.<br \/>\nAu fil des<span class=\"apple-converted-space\">\u00a0<\/span>ateliers anim\u00e9s par les artistes, les \u00e9l\u00e8ves explorent les notions de<span class=\"apple-converted-space\">\u00a0<\/span>libert\u00e9 de pens\u00e9e, d\u2019\u00e9galit\u00e9 et de dialogue critique. Ils se penchent sur la figure historique d\u2019Hypatie d\u2019Alexandrie, philosophe et astronome qui a d\u00e9fendu la connaissance et la raison, jusqu\u2019\u00e0 en payer le prix ultime.<\/p>\n<\/div>\n<div>\n<p>La r\u00e9sidence se cl\u00f4turera par une<span class=\"apple-converted-space\">\u00a0<\/span>double restitution<span class=\"apple-converted-space\">\u00a0<\/span>:<br \/>\nla pr\u00e9sentation de la nouvelle version du spectacle<span class=\"apple-converted-space\">\u00a0<\/span><em>Hypatia \u2013 The Highest Note<\/em><span class=\"apple-converted-space\">\u00a0<\/span>par la compagnie, ainsi qu\u2019une<span class=\"apple-converted-space\">\u00a0<\/span>exposition ou performance<span class=\"apple-converted-space\">\u00a0<\/span>des productions r\u00e9alis\u00e9es par les \u00e9l\u00e8ves au fil des ateliers<\/p>\n<\/div>\n<p>[\/vc_column_text][\/vc_column][\/vc_row]<\/p>\n<\/div>","protected":false},"featured_media":5880,"template":"","project_category":[29],"project_year":[62],"class_list":["post-5879","projects","type-projects","status-publish","has-post-thumbnail","hentry","project_category-residencies","project_year-2025-2026"],"acf":[],"_links":{"self":[{"href":"https:\/\/fondation-sommer.lu\/en\/wp-json\/wp\/v2\/projects\/5879","targetHints":{"allow":["GET"]}}],"collection":[{"href":"https:\/\/fondation-sommer.lu\/en\/wp-json\/wp\/v2\/projects"}],"about":[{"href":"https:\/\/fondation-sommer.lu\/en\/wp-json\/wp\/v2\/types\/projects"}],"version-history":[{"count":2,"href":"https:\/\/fondation-sommer.lu\/en\/wp-json\/wp\/v2\/projects\/5879\/revisions"}],"predecessor-version":[{"id":5883,"href":"https:\/\/fondation-sommer.lu\/en\/wp-json\/wp\/v2\/projects\/5879\/revisions\/5883"}],"wp:featuredmedia":[{"embeddable":true,"href":"https:\/\/fondation-sommer.lu\/en\/wp-json\/wp\/v2\/media\/5880"}],"wp:attachment":[{"href":"https:\/\/fondation-sommer.lu\/en\/wp-json\/wp\/v2\/media?parent=5879"}],"wp:term":[{"taxonomy":"project_category","embeddable":true,"href":"https:\/\/fondation-sommer.lu\/en\/wp-json\/wp\/v2\/project_category?post=5879"},{"taxonomy":"project_year","embeddable":true,"href":"https:\/\/fondation-sommer.lu\/en\/wp-json\/wp\/v2\/project_year?post=5879"}],"curies":[{"name":"wp","href":"https:\/\/api.w.org\/{rel}","templated":true}]}}

<div class="wpb-content-wrapper"><p>[vc_row][vc_column][vc_column_text]</p>
<div>
<p>Quelle liberté le savoir permet-il ? Et comment partager la connaissance sans perdre sa propre voix ?<br />
Ces questions sont au cœur de la<span class="apple-converted-space"> </span>Résidence d’Artiste en Milieu Scolaire<span class="apple-converted-space"> </span><em>Hypatia – The Highest Note</em>, menée par la compagnie<span class="apple-converted-space"> </span><strong>Artemysia Théâtre</strong><span class="apple-converted-space"> </span>avec les artistes<span class="apple-converted-space"> </span><strong>Raffaella D’Angelo</strong>,<span class="apple-converted-space"> </span><strong>Joanna Bertrand</strong><span class="apple-converted-space"> </span>et<span class="apple-converted-space"> </span><strong>Ashton Laffineur</strong>.</p>
</div>
<div>
<p>Il s’agit d’une<span class="apple-converted-space"> </span>résidence de recherche<span class="apple-converted-space"> </span>prenant une forme hybride : parallèlement au travail d’affinement de la mise en scène de la pièce, déjà présentée en<span class="apple-converted-space"> </span><em>work in progress</em>,<span class="apple-converted-space"> </span>l’option théâtre du lycée<span class="apple-converted-space"> Aline Mayrisch </span>est activement impliquée dans le processus artistique.</p>
</div>
<div>
<p>L’objectif de cette résidence est de<span class="apple-converted-space"> </span>rendre la pièce plus accessible à un jeune public, tout en conservant sa profondeur et sa richesse thématique.<br />
Au fil des<span class="apple-converted-space"> </span>ateliers animés par les artistes, les élèves explorent les notions de<span class="apple-converted-space"> </span>liberté de pensée, d’égalité et de dialogue critique. Ils se penchent sur la figure historique d’Hypatie d’Alexandrie, philosophe et astronome qui a défendu la connaissance et la raison, jusqu’à en payer le prix ultime.</p>
</div>
<div>
<p>La résidence se clôturera par une<span class="apple-converted-space"> </span>double restitution<span class="apple-converted-space"> </span>:<br />
la présentation de la nouvelle version du spectacle<span class="apple-converted-space"> </span><em>Hypatia – The Highest Note</em><span class="apple-converted-space"> </span>par la compagnie, ainsi qu’une<span class="apple-converted-space"> </span>exposition ou performance<span class="apple-converted-space"> </span>des productions réalisées par les élèves au fil des ateliers</p>
</div>
<p>[/vc_column_text][/vc_column][/vc_row]</p>
</div>
