{"id":5176,"date":"2025-02-21T11:49:24","date_gmt":"2025-02-21T09:49:24","guid":{"rendered":"https:\/\/fondation-sommer.lu\/?post_type=video&#038;p=5176"},"modified":"2025-03-10T12:11:58","modified_gmt":"2025-03-10T10:11:58","slug":"jean-charles-chabanne-le-laboratoire-de-leducation-artistique-et-culturelle","status":"publish","type":"video","link":"https:\/\/fondation-sommer.lu\/en\/video\/jean-charles-chabanne-le-laboratoire-de-leducation-artistique-et-culturelle\/","title":{"rendered":"Jean-Charles Chabanne : \u00ab Le laboratoire de l\u2019\u00e9ducation artistique et culturelle \u00bb"},"content":{"rendered":"<p><strong>Jean-Charles Chabanne<\/strong><br \/>\nProfesseur des universit\u00e9s \u00e9m\u00e9rite en sciences de l&#8217;\u00e9ducation et de la formation \u00e0 l&#8217;ENS de Lyon<\/p>\n","protected":false},"featured_media":0,"template":"","meta":{"_acf_changed":false},"video-category":[58],"class_list":["post-5176","video","type-video","status-publish","hentry","video-category-2024-eac-capsules"],"acf":[],"_links":{"self":[{"href":"https:\/\/fondation-sommer.lu\/en\/wp-json\/wp\/v2\/video\/5176","targetHints":{"allow":["GET"]}}],"collection":[{"href":"https:\/\/fondation-sommer.lu\/en\/wp-json\/wp\/v2\/video"}],"about":[{"href":"https:\/\/fondation-sommer.lu\/en\/wp-json\/wp\/v2\/types\/video"}],"wp:attachment":[{"href":"https:\/\/fondation-sommer.lu\/en\/wp-json\/wp\/v2\/media?parent=5176"}],"wp:term":[{"taxonomy":"video-category","embeddable":true,"href":"https:\/\/fondation-sommer.lu\/en\/wp-json\/wp\/v2\/video-category?post=5176"}],"curies":[{"name":"wp","href":"https:\/\/api.w.org\/{rel}","templated":true}]}}

Jean-Charles Chabanne : « Le laboratoire de l’éducation artistique et culturelle »

<p><strong>Jean-Charles Chabanne</strong><br />
Professeur des universités émérite en sciences de l&#8217;éducation et de la formation à l&#8217;ENS de Lyon</p>
